uppose 7*l = 2*l - 4*g + 130, 3*l + 3*g = 81. What is the remainder when t is divided by l?
21
Let j be -1 + 1 - (1 - 4). Let w(y) = 4*y**2 - 2*y + 3. Calculate the remainder when w(j) is divided by 17*1 + (-1 - -1).
16
Let b(m) = -5*m - 2*m**2 - 3*m**2 + 6*m**2 - 8. What is the remainder when b(10) is divided by 15?
12
Suppose -3*f - 2*k + 154 = -f, -3*k + 306 = 4*f. What is the remainder when f is divided by 16?
11
What is the remainder when -5 - -29 - (1 + -1) is divided by 5?
4
What is the remainder when 1*(-2 - -14) + -2 is divided by (-8)/(-60) - ((-68)/(-60) - 4)?
1
Suppose -a - a = 3*y - 14, 3*y = 2*a - 2. Suppose -l - 9 = y*l, -2*p - 3*l = 3. What is the remainder when 2/(-7) - 116/(-14) is divided by p?
2
Let z(n) = n + 58. What is the remainder when z(-24) is divided by 7?
6
Suppose 71*m = 65*m + 150. Calculate the remainder when m is divided by 10.
5
Let x = 74 - 21. Suppose 0 = -d - 4, -5*p + 4*d + 18 = -3. Suppose -71 = -5*w - p. What is the remainder when x is divided by w?
11
Let k = -19 + -55. Let j = k - -113. Calculate the remainder when j is divided by 20.
19
Let c = -19 - -28. Suppose -7*m = -c*m + 44. What is the remainder when m is divided by 12?
10
Suppose -5*x = -3*c - 41, -x - 11 = -4*c + 5*c. Let p = 12 - -2. Calculate the remainder when p is divided by 6/4*(-64)/c.
6
Let g(o) = o**2 + 2*o - 1. Let n be g(1). Suppose -n*j - 1 = 1. Calculate the remainder when 17 is divided by 7 + (-1 - 3/j).
8
What is the remainder when (1 - -13)*6/4 is divided by 8?
5
Suppose -j + 39 + 14 = 0. Calculate the remainder when j is divided by 8.
5
Suppose 0 = 3*l + 8 - 47. Calculate the remainder when l is divided by 6.
1
Let s = -19 + 29. What is the remainder when 49 is divided by s?
9
Suppose -95 = -4*d - 3*i, 94 = 4*d - 0*d + 2*i. Let p = d + -17. Calculate the remainder when p is divided by 4.
2
Let s(q) = 25*q. Calculate the remainder when s(1) is divided by 7.
4
Let u be (-38)/(-8) + (-3)/(-12). Suppose 0 = 3*a, a + 2*a = -4*n. Suppose u*g - g - 40 = n. Calculate the remainder when 19 is divided by g.
9
Let q(b) = -10*b + 10. Let l be q(9). Let o be (48/5)/(12/l). Let x = 101 + o. What is the remainder when x is divided by 19?
18
Suppose -3*z - z = -148. Suppose 4*n + 25 = g + 7*n, 0 = -2*g - 5*n + 46. Calculate the remainder when z is divided by g.
11
Let u = 149 - 30. Calculate the remainder when u is divided by 24.
23
Let d(p) = 16*p - 2. Suppose 0*f - 3*f = -9. What is the remainder when d(f) is divided by 16?
14
Suppose 2*x + 14*p - 17*p - 24 = 0, -4*x + 52 = -4*p. What is the remainder when -2 - -2 - (-86)/2 is divided by x?
13
Let m = -14 + 40. Let l = 106 + -29. Calculate the remainder when l is divided by m.
25
Suppose 3*z - 2*z = 5. Calculate the remainder when 7 is divided by z.
2
Suppose -w = w + 12. Let l be w/21 - (-4)/14. Suppose 5*v + 2*x - 32 = 0, -3*v + 12 + l = 3*x. What is the remainder when 22 is divided by v?
6
Let o = 3 + -1. Suppose o*k = 6*k. Suppose k*i = i - 3. What is the remainder when i is divided by 3?
0
Let d = 8 - 8. Suppose 4*b + 0 - 4 = d. What is the remainder when 23/2 + b/2 is divided by 7?
5
Let w(a) = -2*a**3 - 6*a**2 - 2*a - 5. Suppose -41 = 5*p - 131. Calculate the remainder when w(-5) is divided by p.
15
Let c = 8 - 5. Let j = c + -2. Suppose 20 = 5*a - 5*x, 4*x - 49 + j = -4*a. Calculate the remainder when a is divided by 5.
3
Suppose 92 + 34 = 2*f. Calculate the remainder when f is divided by 13.
11
Let g = 6 - -1. Let j(i) = 2*i - 13. What is the remainder when j(12) is divided by g?
4
Calculate the remainder when 64 is divided by ((-15)/(-9))/((-10)/(-30)).
4
Let x(b) = -6*b + 3 - 2 + 3. Calculate the remainder when x(-4) is divided by 10.
8
Let y = 6 - 1. Calculate the remainder when 15 is divided by ((-18)/y)/((-10)/25).
6
Let s = -2 - -1. Calculate the remainder when 35 is divided by (1 - s) + 8 - -2.
11
Suppose 5*r - 33 = -3. Let n be (-2)/(-9) + (-12)/54. Suppose -p + 8 = 4*a - 60, p = n. Calculate the remainder when a is divided by r.
5
Let b(j) = 3*j**2 + 1. Let t be ((-4)/(-6))/((-6)/9). What is the remainder when b(t) is divided by 2?
0
Suppose -2*o = -5*v + 2*o + 123, -2*v = o - 44. Calculate the remainder when 66 is divided by v.
20
Let b = 21 + -16. What is the remainder when 6 is divided by b?
1
Suppose -37 = -w - 0. Suppose -292 + w = -5*x. What is the remainder when x is divided by 26?
25
Let a = 86 - 44. Let w = -23 + a. Calculate the remainder when 74 is divided by w.
17
Suppose -12 + 2 = -m. Suppose c + m = -2*u, 0 = -2*u - 2 - 8. Calculate the remainder when 20 - (-4 + c - -2) is divided by 8.
6
Suppose 2*l + 1 = -1. Let x(r) = -7*r**3 + r**2 - r - 1. Suppose 21 = t - j, -t + 2*t - 5*j - 17 = 0. What is the remainder when t is divided by x(l)?
6
Suppose 7*v + 155 = 12*v. Calculate the remainder when v is divided by 17.
14
Suppose -2*a + 11 + 47 = 0. What is the remainder when a is divided by 11 - (8/(-4) + 3)?
9
Suppose -4*o - 5*q + 6 = -59, 3*o = -q + 46. Calculate the remainder when o is divided by 3.
0
Let w be 406/(-35) + (-3)/(-5). Let q = w - -28. Calculate the remainder when 32 is divided by q.
15
Let q = 253 + -223. Calculate the remainder when q is divided by (4/(-2))/(8/(-44)).
8
Suppose 16 = 3*a - 5*a + 5*k, 18 = -a + 5*k. What is the remainder when 135/3 + a + 2 is divided by 13?
10
Let h = -19 - -7. What is the remainder when 45 is divided by (3 - 2)/((-1)/h)?
9
Let x(k) = -19*k + 4. Let w be x(-3). Suppose -h + 10 = a - 9, 3*a + 5*h - w = 0. What is the remainder when 48 is divided by a?
14
Let n(u) = -u**2 + 2*u. Let g be n(1). Let r(q) = 8*q**3 - q. Let c(k) = -12*k + 1. Calculate the remainder when c(-2) is divided by r(g).
4
Suppose 3*c - 27 - 12 = 0. What is the remainder when c is divided by ((-28)/(-8))/(2/4)?
6
Suppose -28 + 138 = -5*c. Let y = c - -48. Calculate the remainder when y is divided by 7.
5
Suppose m + 4 = -3*p + 21, 4*p - 20 = -m. What is the remainder when 31 is divided by m?
7
What is the remainder when 63 - (-1 - 0 - 3) is divided by 14?
11
Suppose 2*o + 7 = q, -o = -5*q + 2*o + 35. Let a(b) = -b**3 + 5*b**2 + 4*b - 9. Let p be a(6). Let v = p + 41. Calculate the remainder when v is divided by q.
6
Suppose 2*w - 2 = 8. Suppose y + 20 = w*y. Suppose 2*u - 108 - 14 = -y*z, -3*z + 4*u = -94. What is the remainder when z is divided by 9?
8
Suppose -k = 2*k - 27. Suppose -11*o + 233 = -31. What is the remainder when o is divided by k?
6
Let a = 7 - -12. Suppose -13 = 5*u - 4*u. Let c = a + u. What is the remainder when 17 is divided by c?
5
Let r be 4*((2 - -2) + -5). Let k(f) = -13*f + 4. Suppose 0 = -3*y + 35 + 22. What is the remainder when k(r) is divided by y?
18
Let c = 309 - 161. Calculate the remainder when c is divided by 30.
28
Let p = -4713 - -3225. Let x be p/(-20) + 2/(-5). Suppose 8*a - 3*a - 2*i = x, a + 2*i - 10 = 0. Calculate the remainder when a is divided by 8.
6
Suppose 13 - 4 = d. What is the remainder when 34 is divided by d?
7
Suppose 2*s = -4*g, s = -3*s + g + 9. Suppose -y - 12 = -s*v, -v - 1 = 5*y + 4. What is the remainder when 8 is divided by v?
3
Let v(s) = -s + 5. What is the remainder when 3 is divided by v(2)?
0
Suppose 3*b + 67 = 4*b. Suppose -2*p + 75 = 29. What is the remainder when b is divided by p?
21
Let c = 6 + -4. Suppose 0 = 2*q + c + 2. Calculate the remainder when (-11 + 4)*(1 + q) is divided by 3.
1
Let v = -7 - -13. Calculate the remainder when v is divided by 3.
0
Let t = -135 + 193. Calculate the remainder when t is divided by 30.
28
Suppose -4*w = -2*w - 130. Calculate the remainder when w is divided by 34.
31
Let h = 8 - 14. Calculate the remainder when (-134)/(-6) + 1/(-3) is divided by -2 + 11 + 5 + h.
6
Suppose 4*h + 10 = d + 27, d = -1. Suppose -2*j - f + 28 = -j, 2*j - 62 = -h*f. Calculate the remainder when 74 is divided by j.
24
Let t = -13 + 18. Suppose -17 = -y - 57. Calculate the remainder when t is divided by (-168)/y - 1/5.
1
Let i = 6 + -4. Suppose i*r = 6*r. Suppose r*h - 3 = -3*h. What is the remainder when 1 is divided by h?
0
Let q(j) = -j**2 - j + 7. Suppose -b - 4*b = 0. Suppose 23 = 2*c + 2*p + p, -2*p = 4*c - 26. What is the remainder when q(b) is divided by c?
3
Suppose -3*i = -0 - 18. Suppose k + 4*a = 2*k - 2, -5*a = -25. Suppose p - 3*p = -k. Calculate th